be -25*(-1 + (-23)/5). What is the greatest common factor of a and f?
14
Suppose -m - z - 3 = -9, -4*z = 8. What is the greatest common divisor of m and 68?
4
Let p = 1892 - 1888. What is the greatest common factor of 596 and p?
4
Let s(o) be the first derivative of -3/2*o**2 + 7 - 13*o. Let g be s(-11). Calculate the highest common factor of 50 and g.
10
Let v(a) = 13*a**2 + 30*a - 175. Let y be v(5). What is the greatest common divisor of 6 and y?
6
Suppose -1202 = -5*k + 2*j, -4*k - 4*j + 1069 = 113. What is the highest common divisor of k and 24?
24
Let r(h) = 3*h - 3. Suppose -6*a + 8 + 4 = 0. Let y be r(a). Suppose 7*p - 25 = 2*p + 3*j, 4*p - y = -j. Calculate the highest common factor of p and 6.
2
Let z be ((-6)/15)/(1/(-10)). Suppose -z*g = 29 - 109. Suppose -7*v + 3*v + g = 0. What is the highest common factor of v and 35?
5
Suppose 871 = j + 297. Suppose 0 = -2*g - 2*c + 172 + 116, -2*c = 4*g - j. Calculate the highest common factor of g and 13.
13
Let r(j) = -9*j - 15. Let v be ((-6)/7)/((-7)/(-49)). Let u be r(v). Calculate the greatest common factor of u and 13.
13
Suppose -j + 120 = -80. Calculate the highest common divisor of j and 80.
40
Let s = -163 - -289. What is the highest common factor of 63 and s?
63
Suppose 4*t - 3 = 3*t. Suppose 8 + 37 = 5*k. Let i = k - t. What is the greatest common divisor of i and 6?
6
Let g(d) = 34*d**2 - 11*d + 41. Let l be g(6). Calculate the greatest common divisor of 11 and l.
11
Let c be (1 + -17)/(-1 + 0). Let g = 851 - 827. What is the greatest common factor of g and c?
8
Let w = 23 - 37. Let b be ((-24)/w)/((-6)/(-21)). Let r be 85 + b/2 - -2. What is the highest common factor of 18 and r?
18
Let m be 54 - 10 - (7 - 1). Let c = 393 - 127. Calculate the greatest common factor of c and m.
38
Suppose 12 = l - 2. Suppose -3*v - 13 + 1 = 0, l = 3*r - 2*v. Let d be 30*(r + (-15)/10). What is the highest common divisor of d and 165?
15
Suppose 0 = -h - 5*u + 63, -5*u = -5*h + 174 + 261. What is the highest common factor of 332 and h?
83
Let j(w) = w**3 - w**2 - 3*w - 2. Let z be j(3). Let t = 300 + -349. Let k be 12/z - 14/t. Calculate the highest common divisor of 16 and k.
2
Let s be ((-7480)/(-16))/(-11)*112/(-10). What is the greatest common divisor of 28 and s?
28
Suppose 137 = 3*s - h, -5*s + 233 = -8*h + 11*h. Calculate the greatest common factor of 1058 and s.
46
Suppose 5*h - 2*c + 3*c = 249, -2*h - 5*c + 95 = 0. Let f = 38 + -14. Let k = 34 - f. Calculate the highest common factor of k and h.
10
Suppose 4*d + 4*s = 42 + 42, -9 = 3*s. Calculate the highest common divisor of 54 and d.
6
Let s(r) be the third derivative of -r**4/8 - 7*r**3/6 - 9*r**2. Let o be s(-4). What is the greatest common divisor of o and 55?
5
Suppose 5*x = 1583 - 463. Calculate the highest common factor of 7 and x.
7
Let b be (-2)/(-8) - 2095/(-20). Suppose -3*i + 6*i = 57. Let t = i - -2. Calculate the highest common divisor of b and t.
21
Let n be (-1 + 2)*145*14/70. Calculate the greatest common divisor of 464 and n.
29
Let m = -406 + 429. Let u(d) = d**3 - 2*d**2 + 4*d - 7. Let y be u(6). What is the greatest common divisor of y and m?
23
Let u = -168 + 861. Suppose -6*g - g = -u. What is the greatest common factor of g and 9?
9
Let m be 1/(1/438) - -4. What is the highest common divisor of 102 and m?
34
Let w(b) = 3*b**3 - 8*b**2 + 10*b + 1. Let n be w(3). What is the highest common factor of 152 and n?
8
Let i = 244 + -235. Calculate the highest common factor of i and 45.
9
Suppose -5*a = -4*d + 19, -d + 19 = 2*d + a. Let r be (-4)/d + (-46)/(-6). Let z = 27 + -6. Calculate the highest common factor of z and r.
7
Suppose 3*c + 3*j = 2*j + 13, -1 = 5*c - 4*j. Let h = -1 + c. Suppose i + 1 = h. What is the greatest common divisor of 6 and i?
1
Let r = -1840 - -1240. Let q be ((-4)/(-10))/((-6)/r*5). Calculate the greatest common divisor of q and 64.
8
Suppose 4 = 2*s + c, -2*s - 12 = s - 3*c. Suppose -z + 2 = s, 0*a + 4*z - 44 = -4*a. Calculate the highest common factor of 9 and a.
9
Let z(s) = s + 2. Let o(d) = -1. Let h(i) = 20*o(i) + 5*z(i). Let a be h(3). Calculate the greatest common factor of a and 1.
1
Let u(l) = -31*l - 21. Let j be u(-1). What is the greatest common factor of j and 145?
5
Let r(p) = -4*p**2 + 13*p - 71. Let y(w) = w**2 - 4*w + 24. Let d(i) = 2*r(i) + 7*y(i). Let v be d(0). Calculate the greatest common factor of v and 156.
26
Let u(z) = 2*z**3 + 18*z**2 - 2*z - 2. Let c be u(-9). Let g be 602/4 - 8/c. What is the greatest common factor of g and 15?
15
Let i = -14 - -16. Suppose -5*r - 4*a = -80, 0*a - 2*a = i*r - 34. Calculate the highest common divisor of 36 and r.
12
Suppose -144 = 7*o - 8*o. Calculate the greatest common divisor of o and 192.
48
Suppose 0 = -6*u + 31 + 53. What is the highest common factor of u and 378?
14
Suppose -3*h + 3*i + 330 = 2*h, 4*i = -3*h + 198. What is the highest common factor of h and 44?
22
Let g be 109 + -121 - 29*-5. What is the highest common factor of 1 and g?
1
Let f = 440 - -2. Calculate the greatest common divisor of 26 and f.
26
Suppose -2*h + 12 = -0. Let y(t) be the second derivative of t**3/3 + 2*t**2 + 11*t. Let v be y(7). What is the greatest common divisor of h and v?
6
Let n = 39 + -3. Let l be 2/(-10) - n/(-5). Let v = 71 - 43. Calculate the greatest common factor of l and v.
7
Suppose 2*v = v - o + 106, 0 = -4*o. What is the greatest common divisor of v and 2?
2
Suppose -4*s = -5*s. Suppose -51 = -3*k - s*k. Suppose -2*a = -0*a - 238. Calculate the greatest common divisor of a and k.
17
Let q be 18/(-9)*47*1. Let y = -22 - q. Suppose 0*g + y = g. Calculate the highest common factor of 9 and g.
9
Let q be -2*(-12 - (-3 - -1)). Suppose -c - q = -3*c. Suppose 4*y = 2*i, 18 = 4*y + 5*i - c. What is the highest common factor of y and 22?
2
Suppose -w + n - 6*n = -15, 5*n - 115 = -5*w. Suppose d = u - w, 5*u + 2*d = 140 - 29. Calculate the highest common divisor of u and 184.
23
Let y be -11 + (-30251)/(-13) + -6. Calculate the greatest common factor of 220 and y.
110
Let d(s) = -s + 9. Let y be d(5). Let u be -3 + y + 38 - -3. What is the highest common divisor of u and 6?
6
Let p(s) = 38*s**2 + 11*s - 102. Let i be p(6). Calculate the highest common factor of i and 36.
36
Let c = 15 + -9. Let n = -18 + 90. Let j = n - 24. Calculate the highest common factor of c and j.
6
Let o(i) = -i**2 - 7*i - 6. Let x be o(-4). Let l(a) = 7*a - 13. Let w be l(x). Let v = 49 - w. What is the highest common factor of 8 and v?
4
Suppose -h - 6 = -2*x, -3*x - h + 3*h = -8. Suppose 0 = x*l - 9*l + 55. Let i be 34/(-765)*-18 - 216/(-5). What is the highest common factor of l and i?
11
Let b(a) = -10*a - 108. Let x be b(0). Let w = x + 207. What is the greatest common factor of w and 11?
11
Suppose -5*b = -s + 5*s - 113, 0 = -4*s - 4*b + 116. Let i = -9 + s. What is the highest common factor of 184 and i?
23
Let u(y) = 8*y**2 + 8*y - 33. Let p be u(5). Calculate the greatest common factor of p and 184.
23
Let w = 232 + -197. Let z(h) = -24*h + 7. Let u be z(-7). What is the highest common factor of u and w?
35
Suppose 87*b = 88*b - 2. Calculate the highest common factor of b and 2.
2
Let b be 5/(-45)*6*-15. What is the highest common divisor of b and 78?
2
Suppose -3*c = -6 - 0. Suppose 0 = -g + 5*b - 2*b - 20, c*b = -4*g - 94. Let v = -13 - g. Calculate the highest common divisor of v and 70.
10
Let i = -56 + 67. Suppose i*x = 7*x + 88. Calculate the highest common divisor of 66 and x.
22
Let q(u) = 2*u - 5 + 0 - 6*u + 3. Let l be q(-9). Let i = 15 + 70. What is the highest common factor of i and l?
17
Let n(x) = -2*x**3 + 11*x**2 - 7*x - 10. Let m be n(-4). What is the highest common factor of m and 14?
14
Suppose -7*i = -11*i - 180. Let k be (i/(-6) - 1)*2. What is the highest common factor of k and 104?
13
Let u = -68 + 40. Let r = 44 + u. Calculate the highest common factor of r and 32.
16
Let g = -1328 - -1385. Let v be (1 - -1) + 0 - -119. Suppose 2*b + 38 = c, -5*c + v = -4*b - 69. Calculate the highest common factor of c and g.
19
Let d be 50 + (1/2)/(6/(-24)). Let a = -93 + 173. What is the highest common divisor of a and d?
16
Let g(i) = 115*i + 625. Let p be g(-5). Calculate the greatest common divisor of p and 2025.
25
Let n be ((-1275)/(-5)